{"id":51,"date":"2017-07-05T11:15:35","date_gmt":"2017-07-05T09:15:35","guid":{"rendered":"http:\/\/www.timbergy.at\/timbergy\/?page_id=51"},"modified":"2023-05-13T17:14:34","modified_gmt":"2023-05-13T15:14:34","slug":"linksdownloads-2","status":"publish","type":"page","link":"http:\/\/www.timbergy.at\/timbergy\/linksdownloads-2\/","title":{"rendered":"Links\/Downloads"},"content":{"rendered":"<p><a href=\"http:\/\/heutemorgen.at\" target=\"_blank\" rel=\"noopener noreferrer\"><img decoding=\"async\" loading=\"lazy\" class=\"wp-image-147 alignnone\" src=\"http:\/\/www.timbergy.at\/timbergy\/wp-content\/uploads\/2017\/07\/heutemorgen_Logo_RGB-300x193.jpg\" alt=\"\" width=\"257\" height=\"166\" srcset=\"http:\/\/www.timbergy.at\/timbergy\/wp-content\/uploads\/2017\/07\/heutemorgen_Logo_RGB-300x193.jpg 300w, http:\/\/www.timbergy.at\/timbergy\/wp-content\/uploads\/2017\/07\/heutemorgen_Logo_RGB-768x494.jpg 768w, http:\/\/www.timbergy.at\/timbergy\/wp-content\/uploads\/2017\/07\/heutemorgen_Logo_RGB-1024x658.jpg 1024w, http:\/\/www.timbergy.at\/timbergy\/wp-content\/uploads\/2017\/07\/heutemorgen_Logo_RGB-830x534.jpg 830w, http:\/\/www.timbergy.at\/timbergy\/wp-content\/uploads\/2017\/07\/heutemorgen_Logo_RGB-230x148.jpg 230w, http:\/\/www.timbergy.at\/timbergy\/wp-content\/uploads\/2017\/07\/heutemorgen_Logo_RGB-350x225.jpg 350w, http:\/\/www.timbergy.at\/timbergy\/wp-content\/uploads\/2017\/07\/heutemorgen_Logo_RGB-480x309.jpg 480w\" sizes=\"(max-width: 257px) 100vw, 257px\" \/><\/a><\/p>\n<h6><a href=\"http:\/\/www.heutemorgen.at\" target=\"_blank\" rel=\"noopener\"><strong>= ein innovatives Bausystem mit Zukunft &gt; Bauen f\u00fcr Generationen!<br \/>\n&gt;&gt;&gt; das \u201eKnow How\u201c dazu gibt\u2019s auf Anfrage GRATIS!<\/strong><\/a><\/h6>\n<h6><span style=\"color: #ffffff;\">&#8230;<\/span><\/h6>\n<h3><a href=\"https:\/\/www.holzkurier.com\/holzbau\/2020\/07\/veraenderung_alschance.html\" target=\"_blank\" rel=\"noopener noreferrer\">&#8222;Ver\u00e4nderung als Chance&#8220;<\/a><br \/>\n<a href=\"https:\/\/www.holzkurier.com\/holzbau\/2020\/07\/veraenderung_alschance.html\" target=\"_blank\" rel=\"noopener noreferrer\"><img decoding=\"async\" loading=\"lazy\" class=\"wp-image-435  alignnone\" src=\"http:\/\/www.timbergy.at\/timbergy\/wp-content\/uploads\/2021\/11\/Bild-Ver\u00e4nderung-als-Chance-300x90.png\" alt=\"\" width=\"320\" height=\"96\" srcset=\"http:\/\/www.timbergy.at\/timbergy\/wp-content\/uploads\/2021\/11\/Bild-Ver\u00e4nderung-als-Chance-300x90.png 300w, http:\/\/www.timbergy.at\/timbergy\/wp-content\/uploads\/2021\/11\/Bild-Ver\u00e4nderung-als-Chance-230x69.png 230w, http:\/\/www.timbergy.at\/timbergy\/wp-content\/uploads\/2021\/11\/Bild-Ver\u00e4nderung-als-Chance-350x105.png 350w, http:\/\/www.timbergy.at\/timbergy\/wp-content\/uploads\/2021\/11\/Bild-Ver\u00e4nderung-als-Chance.png 472w\" sizes=\"(max-width: 320px) 100vw, 320px\" \/><\/a><\/h3>\n<h6><span style=\"color: #ffffff;\">&#8230;.<\/span><\/h6>\n<p><a href=\"https:\/\/appartamentigreenhouse71.com\/indexen\" target=\"_blank\" rel=\"noopener\"><span style=\"color: #000000;\">&gt; Eine ideale Unterkunft f\u00fcr den n\u00e4chsten Verona Besuch:<\/span><br \/>\n<img decoding=\"async\" loading=\"lazy\" class=\"wp-image-780 alignnone\" src=\"http:\/\/www.timbergy.at\/timbergy\/wp-content\/uploads\/2023\/05\/Greenhouse-71-VR-300x209.png\" alt=\"\" width=\"196\" height=\"137\" srcset=\"http:\/\/www.timbergy.at\/timbergy\/wp-content\/uploads\/2023\/05\/Greenhouse-71-VR-300x209.png 300w, http:\/\/www.timbergy.at\/timbergy\/wp-content\/uploads\/2023\/05\/Greenhouse-71-VR-230x161.png 230w, http:\/\/www.timbergy.at\/timbergy\/wp-content\/uploads\/2023\/05\/Greenhouse-71-VR-350x244.png 350w, http:\/\/www.timbergy.at\/timbergy\/wp-content\/uploads\/2023\/05\/Greenhouse-71-VR-480x335.png 480w, http:\/\/www.timbergy.at\/timbergy\/wp-content\/uploads\/2023\/05\/Greenhouse-71-VR.png 599w\" sizes=\"(max-width: 196px) 100vw, 196px\" \/><\/a><\/p>\n<h6><span style=\"color: #ffffff;\">&#8230;.<\/span><\/h6>\n<h4><a href=\"http:\/\/www.dataholz.at\" target=\"_blank\" rel=\"noopener noreferrer\">Baukatalog &#8211; dataholz.at<\/a><\/h4>\n<h4><span style=\"color: #ffffff;\">&#8230;.<\/span><\/h4>\n<h4><a href=\"http:\/\/www.infoholz.at\/\" target=\"_blank\" rel=\"noopener noreferrer\">Fragen- und Infoservice &#8211;\u00a0infoholz.at<\/a><\/h4>\n<h4><span style=\"color: #ffffff;\">&#8230;.<\/span><\/h4>\n<h4><a href=\"http:\/\/www.proholz.at\" target=\"_blank\" rel=\"noopener noreferrer\">proHolzAustria<\/a><\/h4>\n<h4><span style=\"color: #ffffff;\">&#8230;.<\/span><\/h4>\n<h4><a href=\"http:\/\/www.holzcluster-steiermark.at\">Holzcluster<\/a><a href=\"http:\/\/www.holzcluster-steiermark.at\" target=\"_blank\" rel=\"noopener noreferrer\"> Steiermark<\/a><\/h4>\n<h4><span style=\"color: #ffffff;\">&#8230;.<\/span><\/h4>\n<h4><a href=\"http:\/\/www.forum-holzbau.com\" target=\"_blank\" rel=\"noopener noreferrer\">Forum &#8211; Holzbau<\/a><a href=\"http:\/\/www.riberaformazione.it\">\u00a0<\/a><\/h4>\n<h4><span style=\"color: #ffffff;\">&#8230;.<\/span><\/h4>\n<h4><a href=\"http:\/\/www.youtube.com\/watch?v=z6SAQVSorFA\" target=\"_blank\" rel=\"noopener noreferrer\">Erdbebentest &#8211; Holz gegen Stein<\/a><\/h4>\n<h4><span style=\"color: #ffffff;\">&#8230;.<\/span><\/h4>\n<h4><a href=\"http:\/\/www.waldundklima.de\/holz\/holzeigenschaften_01.php\" target=\"_blank\" rel=\"noopener noreferrer\">Holz als Bau- und Werkstoff<\/a><\/h4>\n<h4><span style=\"color: #ffffff;\">&#8230;.<\/span><\/h4>\n<h4><a href=\"http:\/\/www.youtube.com\/watch?v=6CrF3BPzunE\" target=\"_blank\" rel=\"noopener noreferrer\">Holz ist genial &#8211; Videoclip<\/a><\/h4>\n<h4><span style=\"color: #ffffff;\">&#8230;.<\/span><\/h4>\n<h4><a href=\"http:\/\/www.youtube.com\/watch?v=tvZJ8H50GO0\" target=\"_blank\" rel=\"noopener noreferrer\">FHP &#8211; Die Reise zum Mittelpunkt des Holzes &#8211; Videoclip<\/a><\/h4>\n<h4><span style=\"color: #ffffff;\">&#8230;.<\/span><\/h4>\n<h4><a href=\"http:\/\/www.timbergy.at\/home\/files\/Dem%20Klimawandel%20mit%20Holz%20entgegnen.pdf\" target=\"_blank\" rel=\"noopener noreferrer\">Mit Holz dem Klimawandel entgegen<\/a><\/h4>\n<h4><span style=\"color: #ffffff;\">&#8230;.<\/span><\/h4>\n<h4><a href=\"http:\/\/de.euronews.com\/2012\/05\/31\/rifkin-fuer-eine-neue-industrielle-revolution\/\" target=\"_blank\" rel=\"noopener noreferrer\">&#8222;TIR&#8220; Die dritte industrielle Revolution &#8211; ein interessanter Ansatz vom Zukunftsforscher Jeremy Rifkin<\/a><\/h4>\n<h4><span style=\"color: #ffffff;\">&#8230;<\/span><\/h4>\n<h4><span style=\"color: #ffffff;\">&#8230;.<\/span><\/h4>\n<p>Unser Angebot enth\u00e4lt Links zu externen Webseiten Dritter, auf deren Inhalte wir keinen Einfluss haben. Deshalb k\u00f6nnen wir f\u00fcr diese fremden Inhalte auch keine Gew\u00e4hr \u00fcbernehmen. F\u00fcr die Inhalte der verlinkten Seiten ist stets der jeweilige Anbieter oder Betreiber der Seiten verantwortlich.<\/p>\n","protected":false},"excerpt":{"rendered":"<p>= ein innovatives Bausystem mit Zukunft &gt; Bauen f\u00fcr Generationen! &gt;&gt;&gt; das \u201eKnow How\u201c dazu gibt\u2019s auf Anfrage GRATIS! &#8230; &#8222;Ver\u00e4nderung als [&hellip;]<\/p>\n","protected":false},"author":1,"featured_media":0,"parent":0,"menu_order":0,"comment_status":"closed","ping_status":"closed","template":"page-templates\/page_fullwidth.php","meta":[],"translation":{"provider":"WPGlobus","version":"2.10.10","language":"de","enabled_languages":["de","en","it"],"languages":{"de":{"title":true,"content":true,"excerpt":false},"en":{"title":true,"content":true,"excerpt":false},"it":{"title":true,"content":true,"excerpt":false}}},"_links":{"self":[{"href":"http:\/\/www.timbergy.at\/timbergy\/wp-json\/wp\/v2\/pages\/51"}],"collection":[{"href":"http:\/\/www.timbergy.at\/timbergy\/wp-json\/wp\/v2\/pages"}],"about":[{"href":"http:\/\/www.timbergy.at\/timbergy\/wp-json\/wp\/v2\/types\/page"}],"author":[{"embeddable":true,"href":"http:\/\/www.timbergy.at\/timbergy\/wp-json\/wp\/v2\/users\/1"}],"replies":[{"embeddable":true,"href":"http:\/\/www.timbergy.at\/timbergy\/wp-json\/wp\/v2\/comments?post=51"}],"version-history":[{"count":130,"href":"http:\/\/www.timbergy.at\/timbergy\/wp-json\/wp\/v2\/pages\/51\/revisions"}],"predecessor-version":[{"id":827,"href":"http:\/\/www.timbergy.at\/timbergy\/wp-json\/wp\/v2\/pages\/51\/revisions\/827"}],"wp:attachment":[{"href":"http:\/\/www.timbergy.at\/timbergy\/wp-json\/wp\/v2\/media?parent=51"}],"curies":[{"name":"wp","href":"https:\/\/api.w.org\/{rel}","templated":true}]}}