{"id":47,"date":"2017-07-04T15:04:18","date_gmt":"2017-07-04T13:04:18","guid":{"rendered":"http:\/\/www.timbergy.at\/timbergy\/?page_id=47"},"modified":"2023-06-06T11:07:07","modified_gmt":"2023-06-06T09:07:07","slug":"what-does-timbergy-offer","status":"publish","type":"page","link":"http:\/\/www.timbergy.at\/timbergy\/what-does-timbergy-offer\/","title":{"rendered":""},"content":{"rendered":"<h2><span style=\"color: #242e7a;\">Was kann timbergy f\u00fcr Sie tun?<\/span><\/h2>\n<h4><span style=\"color: #242e7a;\">Den Schwerpunkt von timbergy bildet die Vermittlung &#8211; Handel folgender Produkte:<\/span><\/h4>\n<ul>\n<li>Holz f\u00fcr den konstruktiven Holzbau (geschnitten, gehobelt, gezinkt, stab- und fl\u00e4chenf\u00f6rmig verleimt, oberfl\u00e4chenbehandelt, impr\u00e4gniert, thermobehandelt)<\/li>\n<li>Schnittholz f\u00fcr die holzverarbeitende Industrie sowie als Supportmaterial f\u00fcr den Stahlbetonbau<\/li>\n<li>Plattenwerkstoffe wie z.B. Weich- bzw. Hartfaserplatte&#8230;<\/li>\n<li><span style=\"color: #000000;\"><strong>EINZIGARTIG: Brettsperrholz &#8211; CLT gerade und das Einzige auch richtig gebogen!<\/strong><\/span><br \/>\n<img decoding=\"async\" loading=\"lazy\" class=\"wp-image-125 alignnone\" src=\"http:\/\/www.timbergy.at\/timbergy\/wp-content\/uploads\/2017\/07\/radiusholz.jpg\" alt=\"\" width=\"136\" height=\"16\" srcset=\"http:\/\/www.timbergy.at\/timbergy\/wp-content\/uploads\/2017\/07\/radiusholz.jpg 273w, http:\/\/www.timbergy.at\/timbergy\/wp-content\/uploads\/2017\/07\/radiusholz-230x27.jpg 230w\" sizes=\"(max-width: 136px) 100vw, 136px\" \/><span style=\"color: #ffffff;\">&#8230;&#8230;.<\/span><a href=\"http:\/\/radiusholz.at\" target=\"_blank\" rel=\"noopener\"><img decoding=\"async\" loading=\"lazy\" class=\"alignnone wp-image-580\" src=\"http:\/\/www.timbergy.at\/timbergy\/wp-content\/uploads\/2021\/12\/RadiusLeo-B\u00fcroVR-300x51.png\" alt=\"\" width=\"447\" height=\"76\" srcset=\"http:\/\/www.timbergy.at\/timbergy\/wp-content\/uploads\/2021\/12\/RadiusLeo-B\u00fcroVR-300x51.png 300w, http:\/\/www.timbergy.at\/timbergy\/wp-content\/uploads\/2021\/12\/RadiusLeo-B\u00fcroVR-230x39.png 230w, http:\/\/www.timbergy.at\/timbergy\/wp-content\/uploads\/2021\/12\/RadiusLeo-B\u00fcroVR-350x60.png 350w, http:\/\/www.timbergy.at\/timbergy\/wp-content\/uploads\/2021\/12\/RadiusLeo-B\u00fcroVR-480x82.png 480w, http:\/\/www.timbergy.at\/timbergy\/wp-content\/uploads\/2021\/12\/RadiusLeo-B\u00fcroVR.png 614w\" sizes=\"(max-width: 447px) 100vw, 447px\" \/><\/a><\/li>\n<li>Baus\u00e4tze in Holz vom EFH bis zu Wohnanlagen, B\u00fcro- und Industriebauten (auf Anfrage ev. auch mehr), f\u00fcr jeden Energiestandard bis zum &#8222;Energiewendegeb\u00e4ude&#8220;<\/li>\n<li>Produkte f\u00fcr erneuerbare Energien &amp; Energietr\u00e4ger wie Pellets, PV, Solar&#8230;<br \/>\n<span style=\"color: #ffffff;\">jlj<\/span><\/li>\n<li><a href=\"https:\/\/www.greenvegbag.com\/\" target=\"_blank\" rel=\"noopener\"><strong style=\"color: #242e7a; font-family: 'System default', sans-serif; font-size: 26px;\">NEU und EINZIGARTIG:<br \/>\n100 % biologisch abbaubare Pellets-S\u00e4cke!\u00a0 \u00a0 \u00a0<img decoding=\"async\" loading=\"lazy\" class=\"alignnone  wp-image-892\" src=\"http:\/\/www.timbergy.at\/timbergy\/wp-content\/uploads\/2023\/05\/TUeV-OK-Compost.png\" alt=\"\" width=\"78\" height=\"39\" srcset=\"http:\/\/www.timbergy.at\/timbergy\/wp-content\/uploads\/2023\/05\/TUeV-OK-Compost.png 300w, http:\/\/www.timbergy.at\/timbergy\/wp-content\/uploads\/2023\/05\/TUeV-OK-Compost-230x115.png 230w\" sizes=\"(max-width: 78px) 100vw, 78px\" \/><\/strong><\/a><br \/>\n<span style=\"color: #242e7a;\"><span style=\"color: #242e7a;\"><strong><a href=\"https:\/\/www.greenvegbag.com\/\" target=\"_blank\" rel=\"noopener\"><img decoding=\"async\" loading=\"lazy\" class=\"alignleft wp-image-890\" src=\"http:\/\/www.timbergy.at\/timbergy\/wp-content\/uploads\/2023\/05\/Green-Veg-Bag-300x68.png\" alt=\"\" width=\"212\" height=\"48\" srcset=\"http:\/\/www.timbergy.at\/timbergy\/wp-content\/uploads\/2023\/05\/Green-Veg-Bag-300x68.png 300w, http:\/\/www.timbergy.at\/timbergy\/wp-content\/uploads\/2023\/05\/Green-Veg-Bag-230x52.png 230w, http:\/\/www.timbergy.at\/timbergy\/wp-content\/uploads\/2023\/05\/Green-Veg-Bag-350x80.png 350w, http:\/\/www.timbergy.at\/timbergy\/wp-content\/uploads\/2023\/05\/Green-Veg-Bag-480x109.png 480w, http:\/\/www.timbergy.at\/timbergy\/wp-content\/uploads\/2023\/05\/Green-Veg-Bag.png 497w\" sizes=\"(max-width: 212px) 100vw, 212px\" \/><\/a><\/strong><\/span><\/span><span style=\"color: #ffffff;\">jlj<\/span><\/li>\n<\/ul>\n<p><span style=\"color: #ffffff;\">jlj<br \/>\n<\/span><\/p>\n<p><span style=\"color: #ffffff;\">jlj<\/span><\/p>\n<p>Das Leistungsangebot ist abgestimmt auf die Anforderungen von Produzenten, H\u00e4ndlern und Importeuren dieser Produkte national und international.<\/p>\n","protected":false},"excerpt":{"rendered":"<p>Was kann timbergy f\u00fcr Sie tun? Den Schwerpunkt von timbergy bildet die Vermittlung &#8211; Handel folgender Produkte: Holz f\u00fcr den konstruktiven Holzbau [&hellip;]<\/p>\n","protected":false},"author":1,"featured_media":0,"parent":0,"menu_order":0,"comment_status":"closed","ping_status":"closed","template":"page-templates\/page_fullwidth.php","meta":[],"translation":{"provider":"WPGlobus","version":"2.10.10","language":"de","enabled_languages":["de","en","it"],"languages":{"de":{"title":false,"content":true,"excerpt":false},"en":{"title":false,"content":true,"excerpt":false},"it":{"title":false,"content":true,"excerpt":false}}},"_links":{"self":[{"href":"http:\/\/www.timbergy.at\/timbergy\/wp-json\/wp\/v2\/pages\/47"}],"collection":[{"href":"http:\/\/www.timbergy.at\/timbergy\/wp-json\/wp\/v2\/pages"}],"about":[{"href":"http:\/\/www.timbergy.at\/timbergy\/wp-json\/wp\/v2\/types\/page"}],"author":[{"embeddable":true,"href":"http:\/\/www.timbergy.at\/timbergy\/wp-json\/wp\/v2\/users\/1"}],"replies":[{"embeddable":true,"href":"http:\/\/www.timbergy.at\/timbergy\/wp-json\/wp\/v2\/comments?post=47"}],"version-history":[{"count":154,"href":"http:\/\/www.timbergy.at\/timbergy\/wp-json\/wp\/v2\/pages\/47\/revisions"}],"predecessor-version":[{"id":974,"href":"http:\/\/www.timbergy.at\/timbergy\/wp-json\/wp\/v2\/pages\/47\/revisions\/974"}],"wp:attachment":[{"href":"http:\/\/www.timbergy.at\/timbergy\/wp-json\/wp\/v2\/media?parent=47"}],"curies":[{"name":"wp","href":"https:\/\/api.w.org\/{rel}","templated":true}]}}